
{"id":27,"date":"2021-05-24T21:43:28","date_gmt":"2021-05-24T21:43:28","guid":{"rendered":"http:\/\/10.58.30.17\/?page_id=27"},"modified":"2026-02-10T15:33:41","modified_gmt":"2026-02-10T15:33:41","slug":"schadenmeldung","status":"publish","type":"page","link":"https:\/\/carisma.auto\/?page_id=27","title":{"rendered":"Schadenmeldung"},"content":{"rendered":"\n<h2 class=\"wp-block-heading\">Schadenmeldungen<\/h2>\n\n\n\n<p>1. Schadenmeldungen f\u00fcr&nbsp;CARISMA&nbsp;Kunden und Schadenmeldungen von Dritten<br>Einen Schaden schnell und einfach zu regulieren, geh\u00f6rt zu den wichtigsten Leistungen einer guten Versicherung. Um Sie bei einem Schadenfall optimal zu unterst\u00fctzen, haben wir ein Online-Schadenportal f\u00fcr Sie eingerichtet.<br>Ob Sie einen Schaden melden wollen oder ob Sie sich einfach informieren m\u00f6chten, was es Neues zu einer bestehenden Schadenmeldung gibt, das&nbsp;CARISMA&nbsp;Schadensportal hilft Ihnen schnell und verl\u00e4sslich weiter.<br><a href=\"https:\/\/portal.carisma.auto\/\">Zum&nbsp;CARISMA&nbsp;Schadenportal<\/a><\/p>\n\n\n\n<p>2. Schadenmeldungen f\u00fcr Dritte<br>Sie haben einen Schaden durch einen&nbsp;CARISMA&nbsp;Kunden erlitten<br>Wenn Sie einen Schaden erlitten haben, der durch einen&nbsp;CARISMA&nbsp;Kunden verursacht wurde, k\u00f6nnen SIe uns den Schaden hier schnell und effizient anzeigen. Einfach das Schadenformular f\u00fcr Dritte hier herunterladen, ausf\u00fcllen und abschicken.<br><a href=\"https:\/\/carisma.auto\/wp-content\/themes\/CARISMA\/media\/unfallfragebogen-kraftfahr-haftpflicht-fuer-geschaedigte.pdf\">Schadenformular f\u00fcr Dritte herunterladen.<\/a><\/p>\n\n\n\n<p>Das Formular ist in deutscher Sprache verfasst. Alternativ zu dem Formular zum Download hier, k\u00f6nnen Sie auch den Europ\u00e4ischen Unfallbericht mit mehrsprachiger Ausf\u00fcllanleitung verwenden.<\/p>\n\n\n\n<p><a href=\"https:\/\/www.gdv-dl.de\/dienstleistungen\/europaeischer-unfallbericht\/\">Europ\u00e4ischer Unfallbericht mit mehrsprachiger Ausf\u00fcllanleitung<\/a><\/p>\n\n\n\n<p>Bitte schicken Sie uns das Formular entweder gescannt per E-Mail (schaden@carisma.auto), per Fax an +49 (40) 40 11 33 7-99 oder per Post an\u00a0CARISMA\u00a0Assecuradeur GmbH, Schadenmeldungen, Herrengraben 3, 20459 Hamburg<\/p>\n\n\n\n<p>Ihr&nbsp;CARISMA&nbsp;Team<\/p>\n","protected":false},"excerpt":{"rendered":"<p>Schadenmeldungen 1. Schadenmeldungen f\u00fcr&nbsp;CARISMA&nbsp;Kunden und Schadenmeldungen von DrittenEinen Schaden schnell und einfach zu regulieren, geh\u00f6rt zu den wichtigsten Leistungen einer guten Versicherung. Um Sie bei einem Schadenfall optimal zu unterst\u00fctzen, haben wir ein Online-Schadenportal f\u00fcr Sie eingerichtet.Ob Sie einen Schaden melden wollen oder ob Sie sich einfach informieren m\u00f6chten, was es Neues zu einer bestehenden [&hellip;]<\/p>\n","protected":false},"author":2,"featured_media":0,"parent":0,"menu_order":0,"comment_status":"closed","ping_status":"closed","template":"","meta":{"footnotes":""},"class_list":["post-27","page","type-page","status-publish","hentry"],"yoast_head":"<!-- This site is optimized with the Yoast SEO plugin v26.9 - https:\/\/yoast.com\/product\/yoast-seo-wordpress\/ -->\n<title>Schadenmeldung - CARISMA<\/title>\n<meta name=\"robots\" content=\"index, follow, max-snippet:-1, max-image-preview:large, max-video-preview:-1\" \/>\n<link rel=\"canonical\" href=\"https:\/\/carisma.auto\/?page_id=27\" \/>\n<meta property=\"og:locale\" content=\"en_US\" \/>\n<meta property=\"og:type\" content=\"article\" \/>\n<meta property=\"og:title\" content=\"Schadenmeldung - CARISMA\" \/>\n<meta property=\"og:description\" content=\"Schadenmeldungen 1. Schadenmeldungen f\u00fcr&nbsp;CARISMA&nbsp;Kunden und Schadenmeldungen von DrittenEinen Schaden schnell und einfach zu regulieren, geh\u00f6rt zu den wichtigsten Leistungen einer guten Versicherung. Um Sie bei einem Schadenfall optimal zu unterst\u00fctzen, haben wir ein Online-Schadenportal f\u00fcr Sie eingerichtet.Ob Sie einen Schaden melden wollen oder ob Sie sich einfach informieren m\u00f6chten, was es Neues zu einer bestehenden [&hellip;]\" \/>\n<meta property=\"og:url\" content=\"https:\/\/carisma.auto\/?page_id=27\" \/>\n<meta property=\"og:site_name\" content=\"CARISMA\" \/>\n<meta property=\"article:modified_time\" content=\"2026-02-10T15:33:41+00:00\" \/>\n<meta name=\"twitter:card\" content=\"summary_large_image\" \/>\n<meta name=\"twitter:label1\" content=\"Est. reading time\" \/>\n\t<meta name=\"twitter:data1\" content=\"1 minute\" \/>\n<script type=\"application\/ld+json\" class=\"yoast-schema-graph\">{\"@context\":\"https:\/\/schema.org\",\"@graph\":[{\"@type\":\"WebPage\",\"@id\":\"https:\/\/carisma.auto\/?page_id=27\",\"url\":\"https:\/\/carisma.auto\/?page_id=27\",\"name\":\"Schadenmeldung - CARISMA\",\"isPartOf\":{\"@id\":\"https:\/\/carisma.auto\/#website\"},\"datePublished\":\"2021-05-24T21:43:28+00:00\",\"dateModified\":\"2026-02-10T15:33:41+00:00\",\"breadcrumb\":{\"@id\":\"https:\/\/carisma.auto\/?page_id=27#breadcrumb\"},\"inLanguage\":\"en-US\",\"potentialAction\":[{\"@type\":\"ReadAction\",\"target\":[\"https:\/\/carisma.auto\/?page_id=27\"]}]},{\"@type\":\"BreadcrumbList\",\"@id\":\"https:\/\/carisma.auto\/?page_id=27#breadcrumb\",\"itemListElement\":[{\"@type\":\"ListItem\",\"position\":1,\"name\":\"Home\",\"item\":\"https:\/\/carisma.auto\/\"},{\"@type\":\"ListItem\",\"position\":2,\"name\":\"Schadenmeldung\"}]},{\"@type\":\"WebSite\",\"@id\":\"https:\/\/carisma.auto\/#website\",\"url\":\"https:\/\/carisma.auto\/\",\"name\":\"CARISMA\",\"description\":\"Classic Cars einfach richtig gut versichert\",\"potentialAction\":[{\"@type\":\"SearchAction\",\"target\":{\"@type\":\"EntryPoint\",\"urlTemplate\":\"https:\/\/carisma.auto\/?s={search_term_string}\"},\"query-input\":{\"@type\":\"PropertyValueSpecification\",\"valueRequired\":true,\"valueName\":\"search_term_string\"}}],\"inLanguage\":\"en-US\"}]}<\/script>\n<!-- \/ Yoast SEO plugin. -->","yoast_head_json":{"title":"Schadenmeldung - CARISMA","robots":{"index":"index","follow":"follow","max-snippet":"max-snippet:-1","max-image-preview":"max-image-preview:large","max-video-preview":"max-video-preview:-1"},"canonical":"https:\/\/carisma.auto\/?page_id=27","og_locale":"en_US","og_type":"article","og_title":"Schadenmeldung - CARISMA","og_description":"Schadenmeldungen 1. Schadenmeldungen f\u00fcr&nbsp;CARISMA&nbsp;Kunden und Schadenmeldungen von DrittenEinen Schaden schnell und einfach zu regulieren, geh\u00f6rt zu den wichtigsten Leistungen einer guten Versicherung. Um Sie bei einem Schadenfall optimal zu unterst\u00fctzen, haben wir ein Online-Schadenportal f\u00fcr Sie eingerichtet.Ob Sie einen Schaden melden wollen oder ob Sie sich einfach informieren m\u00f6chten, was es Neues zu einer bestehenden [&hellip;]","og_url":"https:\/\/carisma.auto\/?page_id=27","og_site_name":"CARISMA","article_modified_time":"2026-02-10T15:33:41+00:00","twitter_card":"summary_large_image","twitter_misc":{"Est. reading time":"1 minute"},"schema":{"@context":"https:\/\/schema.org","@graph":[{"@type":"WebPage","@id":"https:\/\/carisma.auto\/?page_id=27","url":"https:\/\/carisma.auto\/?page_id=27","name":"Schadenmeldung - CARISMA","isPartOf":{"@id":"https:\/\/carisma.auto\/#website"},"datePublished":"2021-05-24T21:43:28+00:00","dateModified":"2026-02-10T15:33:41+00:00","breadcrumb":{"@id":"https:\/\/carisma.auto\/?page_id=27#breadcrumb"},"inLanguage":"en-US","potentialAction":[{"@type":"ReadAction","target":["https:\/\/carisma.auto\/?page_id=27"]}]},{"@type":"BreadcrumbList","@id":"https:\/\/carisma.auto\/?page_id=27#breadcrumb","itemListElement":[{"@type":"ListItem","position":1,"name":"Home","item":"https:\/\/carisma.auto\/"},{"@type":"ListItem","position":2,"name":"Schadenmeldung"}]},{"@type":"WebSite","@id":"https:\/\/carisma.auto\/#website","url":"https:\/\/carisma.auto\/","name":"CARISMA","description":"Classic Cars einfach richtig gut versichert","potentialAction":[{"@type":"SearchAction","target":{"@type":"EntryPoint","urlTemplate":"https:\/\/carisma.auto\/?s={search_term_string}"},"query-input":{"@type":"PropertyValueSpecification","valueRequired":true,"valueName":"search_term_string"}}],"inLanguage":"en-US"}]}},"featured_image_src":null,"featured_image_src_square":null,"_links":{"self":[{"href":"https:\/\/carisma.auto\/index.php?rest_route=\/wp\/v2\/pages\/27","targetHints":{"allow":["GET"]}}],"collection":[{"href":"https:\/\/carisma.auto\/index.php?rest_route=\/wp\/v2\/pages"}],"about":[{"href":"https:\/\/carisma.auto\/index.php?rest_route=\/wp\/v2\/types\/page"}],"author":[{"embeddable":true,"href":"https:\/\/carisma.auto\/index.php?rest_route=\/wp\/v2\/users\/2"}],"replies":[{"embeddable":true,"href":"https:\/\/carisma.auto\/index.php?rest_route=%2Fwp%2Fv2%2Fcomments&post=27"}],"version-history":[{"count":4,"href":"https:\/\/carisma.auto\/index.php?rest_route=\/wp\/v2\/pages\/27\/revisions"}],"predecessor-version":[{"id":1577,"href":"https:\/\/carisma.auto\/index.php?rest_route=\/wp\/v2\/pages\/27\/revisions\/1577"}],"wp:attachment":[{"href":"https:\/\/carisma.auto\/index.php?rest_route=%2Fwp%2Fv2%2Fmedia&parent=27"}],"curies":[{"name":"wp","href":"https:\/\/api.w.org\/{rel}","templated":true}]}}