
{"id":35,"date":"2021-05-24T21:43:36","date_gmt":"2021-05-24T21:43:36","guid":{"rendered":"http:\/\/10.58.30.17\/?page_id=35"},"modified":"2025-07-31T06:53:42","modified_gmt":"2025-07-31T06:53:42","slug":"impressum","status":"publish","type":"page","link":"https:\/\/carisma.auto\/?page_id=35","title":{"rendered":"Impressum"},"content":{"rendered":"\n<h2 class=\"wp-block-heading\"><strong>Impressum und Erstinformationen CARISMA GmbH<\/strong><\/h2>\n\n\n\n<p>CARISMA&nbsp;Assecuradeur GmbH<br><a href=\"https:\/\/maps.google.com\/?q=Herrengraben+3%0D+20459+Hamburg,+Deutschland&amp;entry=gmail&amp;source=g\">Herrengraben 3<br>20459 Hamburg, Deutschland<\/a><br> Tel.:+49 (40) 40 11 33 7-0<br> Fax: +49 (40) 40 11 33 7-99<br> E-Mail:&nbsp;<a href=\"mailto:info@carisma.auto\">info@carisma.auto<\/a><\/p>\n\n\n\n<p><strong>Gesch\u00e4ftsf\u00fchrer<\/strong><br>R\u00fcdiger Brandenburg, Hauke Martinsen, Sven Wolter<\/p>\n\n\n\n<p><strong>Registergericht<\/strong><br>Amtsgericht Hamburg, HRB&nbsp;140537<br>Vermittlerregister: D-ZA65-YDIKC-92<br>USt-Ident-Nummer: DE 305369350<\/p>\n\n\n\n<p><strong><strong>Erlaubnis nach \u00a7 34 Abs. 1 GewO<\/strong><\/strong><br>Aufsichtsbeh\u00f6rde: Handelskammer Hamburg, Adolphsplatz 1, 20457 Hamburg<\/p>\n\n\n\n<p><strong><strong>Gemeinsame Registerstelle gem. \u00a7 11a Abs. 1 GewO<\/strong><\/strong><br>Deutsche Industrie- und Handelskammer (DIHK) e.V., Breite Stra\u00dfe 29, 10178 Berlin<br>Eintrag abrufbar unter: <a href=\"https:\/\/www.vermittlerregister.info\">www.vermittlerregister.info<\/a><br>Tel.: 0180 \u2013 600 58 50<br>(Festnetzpreis 0,20\u20ac\/Anruf; Mobilfunkpreise maximal 0,60\u20ac\/Anruf)<\/p>\n\n\n\n<p><strong><strong>Mitglied der Industrie- und Handelskammer<\/strong><\/strong><br>Handelskammer Hamburg, Adolphsplatz 1, 20457 Hamburg<\/p>\n\n\n\n<p><strong><strong>Berufsbezeichnung<\/strong><\/strong><br>Versicherungsvertreter, Bundesrepublik Deutschland<\/p>\n\n\n\n<p>Die Eintragung kann bei der Handelskammer Hamburg,&nbsp;<a href=\"https:\/\/maps.google.com\/?q=Adolphsplatz+1,+20457+Hamburg&amp;entry=gmail&amp;source=g\">Adolphsplatz 1, 20457 Hamburg<\/a>, Tel. +49(40) 36138-138, Fax +49 (40) 36138-401, E-Mail:&nbsp;<a href=\"mailto:service@hk24.de\">service@hk24.de<\/a>&nbsp;oder unter&nbsp;<a href=\"https:\/\/www.vermittlerregister.org\/\">www.vermittlerregister.org<\/a>&nbsp;\u00fcberpr\u00fcft werden.<\/p>\n\n\n\n<p><strong>Berufsrechtliche Regelungen<\/strong><\/p>\n\n\n\n<ul class=\"wp-block-list\">\n<li>\u00a7 34d GewO<\/li>\n\n\n\n<li>\u00a7\u00a7 59-68 VVG<\/li>\n\n\n\n<li>VersVermV<\/li>\n<\/ul>\n\n\n\n<p>Die berufsrechtlichen Regelungen k\u00f6nnen \u00fcber die vom Bundesministerium der Justiz und von der juris GmbH betriebene Homepage <a href=\"https:\/\/www.gesetze-im-internet.de\">www.gesetze-im-internet.de<\/a> eingesehen und abgerufen werden.<br> <br>Die Carisma Assecuradeur GmbH besitzt weder direkte noch indirekte Beteiligungen von \u00fcber 10% an den Stimmrechten oder am Kapital eines Versicherungsunternehmens noch besitzen Versicherungsunternehmen oder Mutterunternehmen von Versicherungsunternehmen eine direkte oder indirekte Beteiligung von \u00fcber 10% an den Stimmrechten oder am Kapital der Carisma Assecuradeur GmbH.<br> <br>Die Carisma Assecuradeur GmbH bietet Ihnen Beratung und Vermittlung in der Sparten Kraftfahrzeuge f\u00fcr Young- und Oldtimer. Sie erh\u00e4lt daf\u00fcr eine Verg\u00fctung in Form einer Provision, die vom jeweils vertretenen Versicherungsunternehmen im Rahmen der bestehenden Agenturvertr\u00e4ge \u00fcbernommen wird.<br> <br>Sollten Sie Grund zur Beschwerde haben, k\u00f6nnen Sie diese in Textform an die Gesch\u00e4ftsleitung richten. Wir werden diese im Rahmen unseres Beschwerdemanagements unverz\u00fcglich bearbeiten.<br> <br>Bei Streitigkeiten zwischen Versicherungsvermittlern und Versicherungsnehmern k\u00f6nnen \u2013 auch im Sinne des \u00a7 36 VSBG \u2013 folgende Schlichtungsstellen angerufen werden:<br><br>Versicherungsombudsmann e.V.<br>Postfach 08 06 32, 10006 Berlin<br><a href=\"https:\/\/www.versicherungsombudsmann.de\">www.versicherungsombudsmann.de<\/a><br><br>Ombudsmann f\u00fcr Private Kranken- und Pflegeversicherung<br>Postfach 06 02 22, 10052 Berlin<br><a href=\"https:\/\/www.pkv-ombudsmann.de\">www.pkv-ombudsmann.de<\/a><br><br>Eine Beratung und Vermittlung von Versicherungsanlageprodukten (IBIPs) im Sinne der Transparenzverordnung erfolgt nicht; damit einhergehende Informationspflichten entfallen.<br><\/p>\n\n\n\n<p><strong>Fotographien und Bilder<\/strong><br><br>&#8211; K\u00e9vin Goudin<br>&#8211; Thomas Lorenz<br>&#8211; Charlie Magee<br>&#8211; Gero Nies<br>&#8211; Christian Wimmer<br>&#8211; Mauritius Images<\/p>\n\n\n\n<p>Eine Nutzung unseres Internetauftritts ist nach Ma\u00dfgabe der folgenden Bestimmungen zul\u00e4ssig:<\/p>\n\n\n\n<p>Alle Inhalte unserer Internetseiten wurden sorgf\u00e4ltig erarbeitet und werden in regelm\u00e4\u00dfigen Abst\u00e4nden aktualisiert. Gleichwohl k\u00f6nnen Fehler (bspw. technische St\u00f6rungen, Verf\u00e4lschungen durch unbefugte Dritte) auftreten. Wir \u00fcbernehmen daher keine Gew\u00e4hr f\u00fcr die Richtigkeit, Vollst\u00e4ndigkeit<br>und Aktualit\u00e4t der zur Verf\u00fcgung gestellten Inhalte. Dies gilt auch f\u00fcr Informationen externer Internetseiten, auf die wir in unserem Internetauftritt durch Links verweisen, aber f\u00fcr deren Inhalte wir keine Verantwortung \u00fcbernehmen k\u00f6nnen.<\/p>\n\n\n\n<p><\/p>\n","protected":false},"excerpt":{"rendered":"<p>Impressum und Erstinformationen CARISMA GmbH CARISMA&nbsp;Assecuradeur GmbHHerrengraben 320459 Hamburg, Deutschland Tel.:+49 (40) 40 11 33 7-0 Fax: +49 (40) 40 11 33 7-99 E-Mail:&nbsp;info@carisma.auto Gesch\u00e4ftsf\u00fchrerR\u00fcdiger Brandenburg, Hauke Martinsen, Sven Wolter RegistergerichtAmtsgericht Hamburg, HRB&nbsp;140537Vermittlerregister: D-ZA65-YDIKC-92USt-Ident-Nummer: DE 305369350 Erlaubnis nach \u00a7 34 Abs. 1 GewOAufsichtsbeh\u00f6rde: Handelskammer Hamburg, Adolphsplatz 1, 20457 Hamburg Gemeinsame Registerstelle gem. \u00a7 11a Abs. [&hellip;]<\/p>\n","protected":false},"author":2,"featured_media":0,"parent":0,"menu_order":0,"comment_status":"closed","ping_status":"closed","template":"","meta":{"footnotes":""},"class_list":["post-35","page","type-page","status-publish","hentry"],"yoast_head":"<!-- This site is optimized with the Yoast SEO plugin v26.9 - https:\/\/yoast.com\/product\/yoast-seo-wordpress\/ -->\n<title>Impressum - CARISMA<\/title>\n<meta name=\"robots\" content=\"index, follow, max-snippet:-1, max-image-preview:large, max-video-preview:-1\" \/>\n<link rel=\"canonical\" href=\"https:\/\/carisma.auto\/?page_id=35\" \/>\n<meta property=\"og:locale\" content=\"en_US\" \/>\n<meta property=\"og:type\" content=\"article\" \/>\n<meta property=\"og:title\" content=\"Impressum - CARISMA\" \/>\n<meta property=\"og:description\" content=\"Impressum und Erstinformationen CARISMA GmbH CARISMA&nbsp;Assecuradeur GmbHHerrengraben 320459 Hamburg, Deutschland Tel.:+49 (40) 40 11 33 7-0 Fax: +49 (40) 40 11 33 7-99 E-Mail:&nbsp;info@carisma.auto Gesch\u00e4ftsf\u00fchrerR\u00fcdiger Brandenburg, Hauke Martinsen, Sven Wolter RegistergerichtAmtsgericht Hamburg, HRB&nbsp;140537Vermittlerregister: D-ZA65-YDIKC-92USt-Ident-Nummer: DE 305369350 Erlaubnis nach \u00a7 34 Abs. 1 GewOAufsichtsbeh\u00f6rde: Handelskammer Hamburg, Adolphsplatz 1, 20457 Hamburg Gemeinsame Registerstelle gem. \u00a7 11a Abs. [&hellip;]\" \/>\n<meta property=\"og:url\" content=\"https:\/\/carisma.auto\/?page_id=35\" \/>\n<meta property=\"og:site_name\" content=\"CARISMA\" \/>\n<meta property=\"article:modified_time\" content=\"2025-07-31T06:53:42+00:00\" \/>\n<meta name=\"twitter:card\" content=\"summary_large_image\" \/>\n<meta name=\"twitter:label1\" content=\"Est. reading time\" \/>\n\t<meta name=\"twitter:data1\" content=\"2 minutes\" \/>\n<script type=\"application\/ld+json\" class=\"yoast-schema-graph\">{\"@context\":\"https:\/\/schema.org\",\"@graph\":[{\"@type\":\"WebPage\",\"@id\":\"https:\/\/carisma.auto\/?page_id=35\",\"url\":\"https:\/\/carisma.auto\/?page_id=35\",\"name\":\"Impressum - CARISMA\",\"isPartOf\":{\"@id\":\"https:\/\/carisma.auto\/#website\"},\"datePublished\":\"2021-05-24T21:43:36+00:00\",\"dateModified\":\"2025-07-31T06:53:42+00:00\",\"breadcrumb\":{\"@id\":\"https:\/\/carisma.auto\/?page_id=35#breadcrumb\"},\"inLanguage\":\"en-US\",\"potentialAction\":[{\"@type\":\"ReadAction\",\"target\":[\"https:\/\/carisma.auto\/?page_id=35\"]}]},{\"@type\":\"BreadcrumbList\",\"@id\":\"https:\/\/carisma.auto\/?page_id=35#breadcrumb\",\"itemListElement\":[{\"@type\":\"ListItem\",\"position\":1,\"name\":\"Home\",\"item\":\"https:\/\/carisma.auto\/\"},{\"@type\":\"ListItem\",\"position\":2,\"name\":\"Impressum\"}]},{\"@type\":\"WebSite\",\"@id\":\"https:\/\/carisma.auto\/#website\",\"url\":\"https:\/\/carisma.auto\/\",\"name\":\"CARISMA\",\"description\":\"Classic Cars einfach richtig gut versichert\",\"potentialAction\":[{\"@type\":\"SearchAction\",\"target\":{\"@type\":\"EntryPoint\",\"urlTemplate\":\"https:\/\/carisma.auto\/?s={search_term_string}\"},\"query-input\":{\"@type\":\"PropertyValueSpecification\",\"valueRequired\":true,\"valueName\":\"search_term_string\"}}],\"inLanguage\":\"en-US\"}]}<\/script>\n<!-- \/ Yoast SEO plugin. -->","yoast_head_json":{"title":"Impressum - CARISMA","robots":{"index":"index","follow":"follow","max-snippet":"max-snippet:-1","max-image-preview":"max-image-preview:large","max-video-preview":"max-video-preview:-1"},"canonical":"https:\/\/carisma.auto\/?page_id=35","og_locale":"en_US","og_type":"article","og_title":"Impressum - CARISMA","og_description":"Impressum und Erstinformationen CARISMA GmbH CARISMA&nbsp;Assecuradeur GmbHHerrengraben 320459 Hamburg, Deutschland Tel.:+49 (40) 40 11 33 7-0 Fax: +49 (40) 40 11 33 7-99 E-Mail:&nbsp;info@carisma.auto Gesch\u00e4ftsf\u00fchrerR\u00fcdiger Brandenburg, Hauke Martinsen, Sven Wolter RegistergerichtAmtsgericht Hamburg, HRB&nbsp;140537Vermittlerregister: D-ZA65-YDIKC-92USt-Ident-Nummer: DE 305369350 Erlaubnis nach \u00a7 34 Abs. 1 GewOAufsichtsbeh\u00f6rde: Handelskammer Hamburg, Adolphsplatz 1, 20457 Hamburg Gemeinsame Registerstelle gem. \u00a7 11a Abs. [&hellip;]","og_url":"https:\/\/carisma.auto\/?page_id=35","og_site_name":"CARISMA","article_modified_time":"2025-07-31T06:53:42+00:00","twitter_card":"summary_large_image","twitter_misc":{"Est. reading time":"2 minutes"},"schema":{"@context":"https:\/\/schema.org","@graph":[{"@type":"WebPage","@id":"https:\/\/carisma.auto\/?page_id=35","url":"https:\/\/carisma.auto\/?page_id=35","name":"Impressum - CARISMA","isPartOf":{"@id":"https:\/\/carisma.auto\/#website"},"datePublished":"2021-05-24T21:43:36+00:00","dateModified":"2025-07-31T06:53:42+00:00","breadcrumb":{"@id":"https:\/\/carisma.auto\/?page_id=35#breadcrumb"},"inLanguage":"en-US","potentialAction":[{"@type":"ReadAction","target":["https:\/\/carisma.auto\/?page_id=35"]}]},{"@type":"BreadcrumbList","@id":"https:\/\/carisma.auto\/?page_id=35#breadcrumb","itemListElement":[{"@type":"ListItem","position":1,"name":"Home","item":"https:\/\/carisma.auto\/"},{"@type":"ListItem","position":2,"name":"Impressum"}]},{"@type":"WebSite","@id":"https:\/\/carisma.auto\/#website","url":"https:\/\/carisma.auto\/","name":"CARISMA","description":"Classic Cars einfach richtig gut versichert","potentialAction":[{"@type":"SearchAction","target":{"@type":"EntryPoint","urlTemplate":"https:\/\/carisma.auto\/?s={search_term_string}"},"query-input":{"@type":"PropertyValueSpecification","valueRequired":true,"valueName":"search_term_string"}}],"inLanguage":"en-US"}]}},"featured_image_src":null,"featured_image_src_square":null,"_links":{"self":[{"href":"https:\/\/carisma.auto\/index.php?rest_route=\/wp\/v2\/pages\/35","targetHints":{"allow":["GET"]}}],"collection":[{"href":"https:\/\/carisma.auto\/index.php?rest_route=\/wp\/v2\/pages"}],"about":[{"href":"https:\/\/carisma.auto\/index.php?rest_route=\/wp\/v2\/types\/page"}],"author":[{"embeddable":true,"href":"https:\/\/carisma.auto\/index.php?rest_route=\/wp\/v2\/users\/2"}],"replies":[{"embeddable":true,"href":"https:\/\/carisma.auto\/index.php?rest_route=%2Fwp%2Fv2%2Fcomments&post=35"}],"version-history":[{"count":21,"href":"https:\/\/carisma.auto\/index.php?rest_route=\/wp\/v2\/pages\/35\/revisions"}],"predecessor-version":[{"id":1576,"href":"https:\/\/carisma.auto\/index.php?rest_route=\/wp\/v2\/pages\/35\/revisions\/1576"}],"wp:attachment":[{"href":"https:\/\/carisma.auto\/index.php?rest_route=%2Fwp%2Fv2%2Fmedia&parent=35"}],"curies":[{"name":"wp","href":"https:\/\/api.w.org\/{rel}","templated":true}]}}